13 - (2 + (8 + -10 - -1))
12
Calculate -42 + 21 + 1 + 17.
-3
Evaluate -23 - (0 - (2 + 10 + -6)).
-17
Calculate -17 + 44 + (-1 + 3 - -10) + -6.
33
5 - (7 - 8) - (21 + -18)
3
Evaluate (4 - (-1 - -7)) + 19 - (-2 + 8).
11
Calculate -11 + (-8 + 3 + -2 + -1 - -3).
-16
-2 + -4 + 1 + 10 + -3
2
Evaluate -10 + 4 + 21 + 0 + -32.
-17
-1 - 3 - (-7 - (6 - 8)) - -9
10
Evaluate -2 - -7 - (3 + (-1 - -6)).
-3
(-1 - 9) + -11 + (-10 - -25)
-6
Calculate -5 - (389 + -406 - (1 + (1 - 1))).
13
What is the value of (-10 - (-2 + -10)) + -14?
-12
45 + -20 + 17 + -6 + 0 + -7
29
-32 - (16 - 14 - (-1 - -19))
-16
Evaluate -1305 - -1342 - (-1 + 54).
-16
What is the value of 15 - (-4 + 1 + 2 - -4)?
12
What is the value of (-1 - (-1 + -3)) + (-11 - (-10 - 0))?
2
(15 - 21) + 14 + -4
4
-26 - (13 - (-24 + 67))
4
18 - 22 - (-6 + 0 + 0)
2
What is 13 + (6 - 28) + (-3 - 0) + 12?
0
Calculate -31 + 24 + (0 - (-3 - -6) - 0).
-10
What is the value of -26 + 14 + 7 + 1?
-4
Evaluate (56 - 63) + (-1 + 2 - -14).
8
What is (19 - 9) + -9 + -6 + 3 + -16?
-18
2 + 8 + (-10 - -7) - -4
11
What is 2 - (2 - -2) - ((-13 - 3) + 9)?
5
(31 - 34 - 9) + -7
-19
Calculate (-60 - (-98 + 64)) + (5 - 1).
-22
Calculate -3 - 12 - (-81 - -90) - (-5 + -1).
-18
What is -30 + 1 + 101 + -58?
14
-2 - (-21 + 12) - 15 - (22 + -2)
-28
What is (3 - (14 - -2)) + -7 + (-3 - -12)?
-11
10 + 5 + (-5 - (0 + 8 - 6))
8
Calculate -8 + 3 + 6 + -6 + -2.
-7
What is -1 + 15 + (284 - 284)?
14
What is the value of (-3 - -2) + -2 - (-21 + 40)?
-22
Evaluate 15 + (3 - 10) + 20 + -30.
-2
6 - (-16 - (-22 + 11))
11
What is the value of -1 - (5 + -13 + 7) - -5?
5
Evaluate 2 + 11 + -14 + -17.
-18
Evaluate 656 + -683 + (-4 - (0 + -2)).
-29
What is 7 + (-35 - -13) + (11 - 1) + 23?
18
What is the value of -55 + 50 - (-3 - (5 - -13))?
16
Evaluate (1 - (-7 + 1)) + (-4 - 1) + 7.
9
What is the value of 9 - (-3 - -4 - -9) - -6?
5
-1 + 2 + 19 + -19 - (32 - 24)
-7
Calculate 12 + 0 + -456 + 432.
-12
6 + -3 + 1 + -2 + 3 + -9
-4
Evaluate 3 + 0 - (-32 - -16 - -10).
9
Evaluate -6 + -1 - (2 + -14 + -2).
7
Calculate 12 + (11 - 12 - 4) - (-1 - 5).
13
Calculate -67 + 100 - (-3 + 21 + -6).
21
Calculate 2 - (15 - 7) - 0.
-6
Calculate 7 + (-1 + (16 - -5) + -8 - 8).
11
0 + -13 - (1448 - 1441)
-20
Evaluate (-4 + (5 - 2) - 6) + 9.
2
-3 - 11 - (-36 + 6 - -17)
-1
What is 11 + -10 + -6 - (0 + -11)?
6
What is 0 - (30 + -15 - 28)?
13
What is -1 - 16 - (8 + (-3 - (1 + 5)))?
-16
Evaluate (-4 - -5) + -60 + 47 + 1 + 3.
-8
What is (67 + -71 - (-3 + 8)) + -2 + 21?
10
What is the value of (203 - 203) + 1 + -6 + -16 + 4?
-17
What is 0 - -1 - -31 - (-374 + 168 - -202)?
36
What is the value of 17 + (-41 - (-6 - (-10 + 22)))?
-6
What is (-9 - (-2 - 0 - -1)) + (244 - 214)?
22
Calculate -32 - (-22 + (9 - 16 - -16)).
-19
Evaluate -7 - -19 - (-3 - -12) - (5 - 1).
-1
Evaluate -142 - -146 - (0 + 18).
-14
Calculate (480 - 477) + (9 - 1).
11
What is the value of 66 - (46 + -16) - 31?
5
What is 6 + -3 + 4 + -6 + 2 + 3?
6
What is the value of -604 + 590 - (0 - 27)?
13
Evaluate (3 - ((6 - -1) + -4)) + -5.
-5
What is the value of 35 + (3 - (79 + -16))?
-25
Calculate 2 - (23 - (-32 - -46)).
-7
Calculate (-18 - -25) + -7 + 15.
15
What is the value of 29 - 4 - (-11 + 7 + 10 + -6)?
25
Evaluate 1 + 12 + -15 + (-4 - 0) + -6.
-12
-5 - (-19 - -14) - (4 + 1)
-5
Evaluate (0 - -6) + 2 + (-4 - 27) + 20.
-3
What is the value of (-1 - -8) + -9 + -18 + 5 + 2?
-13
What is (-2 - (-10 + -8)) + (-6 - -4)?
14
Calculate -2 - 0 - (-22 + 8) - -9.
21
Calculate 2 + -3 + (16 + -17 - (0 + -5)).
3
Evaluate -7 + 0 + (5 + 2 - -5 - 11).
-6
Evaluate -1 + (-1 - (31 - 10)).
-23
Evaluate 1 + (-2 - -2) + (-3 - (5 + 13)).
-20
Calculate (-1 - 9) + (-32 + 21 - 8).
-29
What is -123 - -131 - (2 - 4)?
10
16 + 2 + (-10 - -12)
20
What is 1 + 19 + 32 + -41 + 6?
17
Evaluate (3 - 1 - ((-46 - -36) + 23)) + -12.
-23
What is the value of (1 - 4 - 2) + 6 + 15?
16
(22 + -18 - 12) + -7
-15
What is the value of 84 - 100 - (-4 - 10)?
-2
What is -35 + 8 + 12 + -8?
-23
What is -47 + 54 - (10 - 0)?
-3
What is (11 + -10 + -10 - -6) + (-2 - 14)?
-19
Evaluate (-5 - 0) + 9 + -5 - (10 + -2).
-9
(-3 - 5) + 7 + -3 - 5
-9
Calculate 46 + -18 + -4 + -22.
2
Calculate -3 + 0 - ((-12 - -24) + -43 + 13).
15
(-153 - -172) + 2 + 4
25
Evaluate (-1 - -1 - 1) + -29 + -1000 + 995.
-35
Evaluate 33 + -36 + (-1 - (1 - (0 - 8))).
-13
-1 + -8 + 3 - -13 - 0
7
What is the value of 12 - (0 - 1) - 0 - (-3 + 9)?
7
Calculate (3 - 4) + -27 + 19 - (-35 + 51).
-25
What is 3 + -4 + 17 + (-9 - (-8 + 4))?
11
1 + (-26 - (-5 + -35))
15
What is 1 - -1 - ((13 - (11 - 2)) + 0)?
-2
What is 8 + -4 + 12 - 15?
1
(13 - (-3 - -1)) + 273 + -274
14
Calculate (-12 - (-4 + 3)) + (-27 - (13 - 36)).
-15
1 - (-16 + 2) - (777 - 783)
21
Evaluate -15 - (7 + 17 + -9 - 33).
3
Calculate -34 + (4 - 6) + 6 + 4.
-26
Evaluate -16 - (-4 - 16) - -6.
10
What is the value of 15 - 14 - 21 - -18?
-2
What is (751 - 737) + (-28 - -2)?
-12
What is the value of (0 - -6 - 1) + 16 + -20?
1
-7 + -2 + (-6 - -6)
-9
Calculate 7 - ((-20 - -11) + 9 + -2 + 6).
3
Evaluate -19 + 15 + (15 - 20) + 3.
-6
Calculate 1 - ((-3 + 6 - 5) + -3) - 1.
5
What is the value of -12 + (17 + 23 - -2)?
30
What is the value of 110 - 96 - (3 + 0 + 4 + -3)?
10
Calculate (18 - 8) + (-16 - 1) - 3.
-10
Calculate (-4 + 2 - -5) + (-30 - (-20 + -11)).
4
(-1 - 10) + 17 + -17
-11
Evaluate -13 - -3 - (-43 - -22).
11
Evaluate 4 + -2 + 0 + (-3 - 0 - 6).
-7
What is (11 - 1) + -3 + -1 + -19?
-13
What is the value of -20 + (-9 - -9) + 18 - -38?
36
What is the value of -1 + -2 - -2 - (-6 + -4 + 20)?
-11
What is -1 + -4 + -3 + 23 + 0?
15
What is -3 + 3 + 4 + (101 - 88)?
17
Evaluate (10 - 4) + -8 + 19 + -5 + -6.
6
What is the value of (3 - -10) + (52 - 91)?
-26
What is the value of 2 + (1 + -2 - -2 - (71 + -68))?
0
Calculate 0 + (0 - 4) - (-22 - -22 - 29).
25
What is -15 - ((24 - (3 - -12)) + 2)?
-26
16 - (14 + 2 + 12 + -9)
-3
What is 9 - 4 - -17 - 11?
11
12 - ((5 - 32 - -1) + 19)
19
What is 4 + (4 - (15 + -6)) - 4?
-5
Evaluate -11 + 0 - ((-29 - 31) + 35).
14
What is -14 + 61 + 5 + -14 + -3?
35
Calculate -7 + (4 + -1 - -5) - -16 - 4.
13
What is the value of -4 - (-4 - (13 - 18)) - (1 - 18)?
12
What is the value of (-6 + -4 - -23 - 26) + -12?
-25
Evaluate 44 + -32 + (-2 - 1) + (-1 - 5).
3
What is (4 - (-3 + -8)) + 3 + 0 + 1?
19
What is the value of (-3 - 0) + (-51 - -44)?
-10
Calculate 24 + (23 - (44 + -4)).
7
What is -2 + -1 + -14 + 33 + -8?
8
0 + (0 - -1 - 14) + -9 + 13
-9
What is 27 - (-4 - (-15 + -4))?
12
What is -4 - -8 - (8 + -2)?
-2
Evaluate -11 + 68 + -26 - 22.
9
0 - 24 - (385 + -396)
-13
What is -27 + 3 + (-9 + 12 - 5) + 7?
-19
What is (-9 - (-13 - -10 - 15)) + 1 + 14?
24
6 + (1 + 10 - (-87 - -105))
-1
What is (-3 + 6 - 4) + 5 + (-5 - -2)?
1
What is the value of 1 + -11 + (-1 - (1 - 8)) + -8?
-12
What is the value of -14 + (16 - 3) + -8?
-9
What is -2 + 13 + -8 + 4?
7
Evaluate 32 - ((32 - 24) + 17).
7
What is -21 - 1 - 0 - (-13 + -112 + 128)?
-25
Calculate 16 + (12 - 12 - 5).
11
Calculate 3 + 6 - ((7 - 2) + 0).
4
What is -3 + (-2 - 1) - (-30 - -36) - 1?
-13
What is 2 - (25 - 11) - (-3 + 5 + 0)?
-14
4 + 1 + 1 + -25 + 16
-3
Evaluate 2 + (7 - (4 + -8 + 7)).
6
-5 + -9 + 31 + -18 + (1 - 1)
-1
What is (-12 + -16 - -40) + (-34 - 1)?
-23
-4 + 3 + -1 + (-46 - 9) + 42
-15
What is the value of (-10 - (4 - (-15 + 8))) + 5?
-16
What is (6 - -8 - 5) + (-20 - -18)?
7
Evaluate (8 - 4) + -6 - (1 - (-8 + 24)).
13
What is the value of 3 - -4 - (-133 + 157)?
-17
26 + -14 + 7 + -13 - 29
-23
What is (23 - (50 - 32)) + 2?
7
Calculate (2 - 11) + 2 + (-35 - (-95 + 45)).
8
What is -26 + (-25 - -20) + 24?
-7
Evaluate 8 + 2 + -9 + 3 - 8.
-4
What is the value of 0 - (2 - 8) - (48 + -17 - 43)?
18
-120 + 126 + (1 - 13)
-6
Calculate (3 - 3 - (2 + 2 + -3)) + 12.
11
What is the value of -5 - -2 - 19 - ((-30 - -43) + -6)?
-29
Evaluate -8 - (-2 + 9 + 25 + -55).
15
(-2 - -8) + -2 + 96 + -98
2
(-8 - 2) + 3 + 9 + -5 - -1
-2
What is the value of 109 + (1 - 29) + -49?
32
What is the value of (-6 - (-1 + (10 - (1 + 7)))) + -8?
-15
-33 + -28 + 35 + (10 - 0)
-16
Evaluate -38 - (-5 - (12 + 2)).
-19
(28 - (-22 + 62)) + 13
1
Calculate 21 - -10 - (8 + (-2 - -3)).
22
What is 17 + -33 - (2 - 30)?
12
Evaluate -17 + 4 - -3 - -2 - -1.
-7
Calculate 9 + -10 - 3 - (1 + -37 + -4).
36
(1 - 3) + (33 - -16) + -45
2
Calculat